0?
True
Is 5015 a multiple of 17?
True
Is 7 a factor of 12523?
True
Is 18 a factor of 1530?
True
Does 119 divide 32164?
False
Is 43 a factor of 1892?
True
Is 112 a multiple of 14?
True
Is 5 a factor of 596?
False
Is 14 a factor of 7926?
False
Is 11 a factor of 2933?
False
Does 8 divide 105?
False
Does 14 divide 302?
False
Does 9 divide 415?
False
Is 72 a multiple of 9?
True
Is 56923 a multiple of 24?
False
Is 108155 a multiple of 92?
False
Is 7 a factor of 21?
True
Is 11655 a multiple of 37?
True
Is 4 a factor of 69?
False
Is 416 a multiple of 4?
True
Does 21 divide 23670?
False
Does 54 divide 35348?
False
Does 3 divide 1514?
False
Is 14 a factor of 47167?
False
Is 2782 a multiple of 8?
False
Is 3234 a multiple of 7?
True
Is 48012 a multiple of 53?
False
Does 8 divide 847?
False
Does 39 divide 39?
True
Does 46 divide 7410?
False
Is 7112 a multiple of 4?
True
Is 6 a factor of 252?
True
Does 10 divide 966?
False
Does 16 divide 4416?
True
Does 16 divide 19205?
False
Does 70 divide 3430?
True
Is 4218 a multiple of 6?
True
Is 20 a factor of 2540?
True
Is 24 a factor of 72?
True
Is 11970 a multiple of 14?
True
Is 1222 a multiple of 53?
False
Does 62 divide 56048?
True
Is 2341 a multiple of 20?
False
Is 434 a multiple of 7?
True
Is 9 a factor of 972?
True
Is 929 even?
False
Is 3792 a multiple of 12?
True
Is 11 a factor of 962?
False
Is 13 a factor of 3276?
True
Is 19 a factor of 14250?
True
Is 168 a multiple of 12?
True
Does 114 divide 21024?
False
Is 25 a factor of 322?
False
Does 11 divide 12881?
True
Is 10578 a multiple of 246?
True
Is 146 a multiple of 26?
False
Does 38 divide 51034?
True
Is 385 a multiple of 2?
False
Is 5922 a multiple of 3?
True
Is 150 a multiple of 5?
True
Is 779 a multiple of 2?
False
Does 13 divide 247?
True
Is 34 a factor of 21896?
True
Is 172 a factor of 19903?
False
Is 38300 a multiple of 13?
False
Is 3177 a multiple of 168?
False
Does 15 divide 931?
False
Is 6 a factor of 154?
False
Is 2236 a multiple of 39?
False
Is 60 a factor of 19380?
True
Does 42 divide 3738?
True
Is 6824 a multiple of 54?
False
Is 1595 a multiple of 27?
False
Does 80 divide 4080?
True
Does 104 divide 24960?
True
Is 42714 a multiple of 54?
True
Does 37 divide 1404?
False
Does 8 divide 20754?
False
Does 3 divide 8508?
True
Does 29 divide 1972?
True
Is 1474 a multiple of 11?
True
Is 4 a factor of 47685?
False
Is 5 a factor of 2737?
False
Is 46555 a multiple of 9?
False
Is 120 a multiple of 24?
True
Is 124 a factor of 1860?
True
Is 89289 a multiple of 58?
False
Is 9 a factor of 144?
True
Is 313 even?
False
Does 9 divide 999?
True
Does 84 divide 469?
False
Is 25 a factor of 4150?
True
Is 1086 a multiple of 6?
True
Is 33 a factor of 3531?
True
Is 2737 a multiple of 17?
True
Does 8 divide 112?
True
Is 23 a factor of 9131?
True
Is 9 a factor of 36965?
False
Does 63 divide 1260?
True
Is 61937 a multiple of 241?
True
Is 19920 a multiple of 40?
True
Is 8466 a multiple of 22?
False
Is 8 a factor of 832?
True
Is 31 a factor of 1643?
True
Is 15 a factor of 2430?
True
Does 40 divide 8935?
False
Does 10 divide 1328?
False
Is 7 a factor of 6530?
False
Is 162 a multiple of 6?
True
Is 4085 a multiple of 17?
False
Is 53 a factor of 6095?
True
Is 28 a factor of 1204?
True
Does 5 divide 55?
True
Is 85 a multiple of 5?
True
Is 6 a factor of 48?
True
Is 53 a factor of 530?
True
Does 7 divide 2023?
True
Does 14 divide 26489?
False
Is 8 a factor of 15192?
True
Does 33 divide 986?
False
Does 7 divide 7112?
True
Is 25 a factor of 10219?
False
Is 6 a factor of 576?
True
Is 67 a factor of 17956?
True
Does 18 divide 8455?
False
Is 52 a factor of 1196?
True
Is 2922 a multiple of 46?
False
Is 7033 a multiple of 101?
False
Is 93 a factor of 78213?
True
Is 58 a factor of 3654?
True
Is 105 a multiple of 23?
False
Is 10824 a multiple of 33?
True
Does 20 divide 41?
False
Is 79 a factor of 16827?
True
Is 43470 a multiple of 21?
True
Is 30 a factor of 249?
False
Is 30289 a multiple of 22?
False
Is 70 a factor of 5149?
False
Does 2 divide 1398?
True
Is 9158 a multiple of 38?
True
Does 14 divide 3284?
False
Is 42 a factor of 2982?
True
Does 12 divide 254?
False
Does 63 divide 2255?
False
Is 5880 a multiple of 49?
True
Is 15 a factor of 5280?
True
Is 6786 a multiple of 9?
True
Is 22 a factor of 2376?
True
Does 124 divide 38637?
False
Does 17 divide 3006?
False
Is 44 a factor of 65904?
False
Is 150 a multiple of 3?
True
Is 76923 a multiple of 297?
True
Is 869 a multiple of 11?
True
Is 3 a factor of 118?
False
Is 2242 a multiple of 19?
True
Is 1714 a multiple of 135?
False
Does 3 divide 26306?
False
Does 35 divide 94395?
True
Does 51 divide 445?
False
Is 5 a factor of 385?
True
Does 26 divide 13702?
True
Does 174 divide 18638?
False
Is 79 a factor of 2291?
True
Is 200 a multiple of 98?
False
Is 57 a factor of 64525?
False
Is 690 a multiple of 10?
True
Is 191 a multiple of 12?
False
Is 92 a factor of 778?
False
Is 106 a factor of 1592?
False
Is 15 a factor of 870?
True
Does 8 divide 112?
True
Is 29 a factor of 1204?
False
Is 640 a multiple of 80?
True
Is 77 a factor of 924?
True
Does 13 divide 155423?
False
Is 467 a multiple of 79?
False
Is 690 a multiple of 4?
False
Is 4 a factor of 2564?
True
Does 23 divide 10651?
False
Is 462 a multiple of 14?
True
Is 72 a factor of 2940?
False
Is 151 a factor of 57229?
True
Does 6 divide 398?
False
Is 1536 a multiple of 32?
True
Is 439 a multiple of 6?
False
Is 12 a factor of 36372?
True
Does 31 divide 2946?
False
Is 1921 a multiple of 17?
True
Is 15876 a multiple of 47?
False
Is 53 a factor of 1165?
False
Is 20592 a multiple of 16?
True
Is 7 a factor of 928?
False
Is 1204 a multiple of 15?
False
Is 9 a factor of 1215?
True
Does 13 divide 4030?
True
Is 30504 a multiple of 20?
False
Does 116 divide 14205?
False
Is 4 a factor of 4792?
True
Is 3 a factor of 611?
False
Does 183 divide 10396?
False
Is 663 a multiple of 39?
True
Is 7 a factor of 9506?
True
Is 35 a factor of 330?
False
Is 6725 a multiple of 33?
False
Does 81 divide 56499?
False
Is 17 a factor of 7214?
False
Does 173 divide 6934?
False
Does 5 divide 2299?
False
Is 27 a factor of 4509?
True
Is 168 a multiple of 8?
True
Does 15 divide 47655?
True
Is 67 a factor of 29346?
True
Is 3822 a multiple of 147?
True
Is 337 a multiple of 7?
False
Is 29 a factor of 12644?
True
Does 28 divide 1733?
False
Does 44 divide 4092?
True
Is 14 a factor of 6328?
True
Is 1380 a multiple of 15?
True
Does 93 divide 15712?
False
Does 49 divide 13230?
True
Is 23 a factor of 644?
True
Is 18 a factor of 1836?
True
Is 23 a multiple of 7?
False
Is 10138 a multiple of 93?
False
Is 7 a factor of 25235?
True
Does 6 divide 538?
False
Does 33 divide 462?
True
Is 5540 a multiple of 20?
True
Is 3204 a multiple of 9?
True
Is 3476 a multiple of 11?
True
Is 2443 a multiple of 2?
False
Is 2 a factor of 713?
False
Does 62 divide 18414?
True
Is 55 a factor of 324?
False
Is 780 a multiple of 13?
True
Does 54 divide 9072?
True
Is 679 a multiple of 26?
False
Is 4841 even?
False
Is 590 a multiple of 18?
False
Is 16 a factor of 897?
False
Is 1118 a multiple of 20?
False
Is 7 a factor of 588?
True
Does 36 divide 4525?
False
Is 319 a factor of 23925?
True
Is 1442 a multiple of 14?
True
Is 33489 a multiple of 6?
False
Is 585 a multiple of 36?
False
Is 2360 a multiple of 12?
False
Is 33 a factor of 1070?
False
Does 13 divide 19552?
True
Is 17 a factor of 9758?
True
Is 19 a factor of 1391?
False
Is 59 a factor of 9322?
True
Is 3 a factor of 1687?
False
Is 113 a multiple of 25?
False
Does 109 divide 1853?
True
Is 51 a factor of 1132?
False
Does 111 divide 1679?
False
Is 4025 a multiple of 25?
True
Is 33 a factor of 11814?
True
Does 14 divide 910?
True
Is 65999 a multiple of 31?
True
Does 66 divide 1314?
False
Does 6 divide 3142?
False
Does 11 divide 11726?
True
Is 57254 a multiple of 122?
False
Does 11 divide 1106?
False
Is 3 a factor of 7?
False
Does 7 divide 8717?
False
Is 40567 a multiple of 156?
False
Does 9 divide 288?
True
Is 19 a factor of 4603?
False
Does 20 divide 4140?
True
Does 4 divide 5296?
True
Is 13 a factor of 37687?
True
Does 25 divide 46621?
False
Does 14 divide 392?
True
Is 562 a multiple of 31?
False
Is 12 a factor of 5854?
False
Is 88 a factor of 5544?
True
Is 4827 even?
False
Is 403 a factor of 36816?
False
Does 91 divide 382